{"id":1659,"date":"2022-08-28T11:28:02","date_gmt":"2022-08-28T09:28:02","guid":{"rendered":"http:\/\/vega78astronomie.fr\/?page_id=1659"},"modified":"2025-09-11T09:02:21","modified_gmt":"2025-09-11T07:02:21","slug":"calendrier","status":"publish","type":"page","link":"https:\/\/vega78astronomie.fr\/index.php\/calendrier\/","title":{"rendered":"Calendrier"},"content":{"rendered":"\n<iframe loading=\"lazy\" src=\"https:\/\/calendar.google.com\/calendar\/embed?src=da27a005291ae8fda60196239fbe4a49a7b331c3dfa73c04adecdc806535df30%40group.calendar.google.com&#038;ctz=Europe%2FParis\" style=\"border: 0\" width=\"800\" height=\"600\" frameborder=\"0\" scrolling=\"no\"><\/iframe>\n\n\n\n<p style=\"font-size:28px\"><strong><mark style=\"background-color:rgba(0, 0, 0, 0)\" class=\"has-inline-color has-vivid-cyan-blue-color\">Activit\u00e9s 2025-2026 (hors soir\u00e9es d&rsquo;observation, d\u00e9pendantes de la m\u00e9t\u00e9o)<\/mark><\/strong><\/p>\n\n\n\n<p class=\"has-vivid-red-color has-text-color has-link-color wp-elements-97c33ca8b454e197c7e2160055d3969c\"><strong><mark style=\"background-color:rgba(0, 0, 0, 0)\" class=\"has-inline-color has-vivid-red-color\">Soir\u00e9es VEGA le vendredi \u00e0 20H30 (r\u00e9serv\u00e9es aux membres) salle de l&rsquo;association ARGPP, Ecole Jean Moulin (aux G\u00e2tines, 2518 rue Jules R\u00e9gnier) : pr\u00e9sentations, conf\u00e9rences, astronews<\/mark><\/strong><br><\/p>\n\n\n\n<p>12 septembre 2025<\/p>\n\n\n\n<p>10 octobre 2025<\/p>\n\n\n\n<p>14 novembre 2025<\/p>\n\n\n\n<p>12 d\u00e9cembre 2025 <\/p>\n\n\n\n<p>16 janvier 2026<\/p>\n\n\n\n<p>13 f\u00e9vrier 2026 <\/p>\n\n\n\n<p>13 mars 2026<\/p>\n\n\n\n<p>3 avril 2026<\/p>\n\n\n\n<p>22 mai 2026<\/p>\n\n\n\n<p>12 juin 2026<\/p>\n\n\n\n<p class=\"has-vivid-red-color has-text-color\"><strong><mark style=\"background-color:rgba(0, 0, 0, 0)\" class=\"has-inline-color has-vivid-red-color\">Ateliers \u00ab&nbsp;Mat\u00e9riel&nbsp;\u00bb <strong><mark style=\"background-color:rgba(0, 0, 0, 0)\" class=\"has-inline-color has-vivid-red-color\">(r\u00e9serv\u00e9s aux membres)<\/mark><\/strong> le samedi matin \u00e0 10h00 &#8211; <\/mark><\/strong><mark style=\"background-color:rgba(0, 0, 0, 0)\" class=\"has-inline-color has-vivid-red-color\"><strong>B\u00e2timent annexe de l&rsquo;Ecole Jean Moulin, Les G\u00e2tines, <\/strong><\/mark><strong><mark style=\"background-color:rgba(0, 0, 0, 0)\" class=\"has-inline-color has-vivid-red-color\">Plaisir<\/mark><\/strong><\/p>\n\n\n\n<p>27 septembre 2025<br><br>11 octobre 2025<\/p>\n\n\n\n<p>22 novembre 2025<\/p>\n\n\n\n<p>13 d\u00e9cembre 2025<\/p>\n\n\n\n<p>31 janvier 2026<\/p>\n\n\n\n<p>14 f\u00e9vrier 2026<\/p>\n\n\n\n<p>28 mars 2026<\/p>\n\n\n\n<p>11 avril 2026<\/p>\n\n\n\n<p>9 mai 2026<\/p>\n\n\n\n<p>27 juin 2026<\/p>\n\n\n\n<p class=\"has-small-font-size\"><br>Lien Google Maps pour l&rsquo;\u00e9cole Jean Moulin : <br><a href=\"https:\/\/www.google.fr\/maps\/place\/%C3%89cole+%C3%89l%C3%A9mentaire+Publique+Jean+Moulin\/@48.801455,1.9628004,17z\/data=!4m6!3m5!1s0x47e6846750a0bd55:0x33457d2f22337b11!8m2!3d48.802084!4d1.965268!16s%2Fg%2F11btmq2_7c?entry=ttu&amp;g_ep=EgoyMDI1MDkwOC4wIKXMDSoASAFQAw%3D%3D\">https:\/\/www.google.fr\/maps\/place\/%C3%89cole+%C3%89l%C3%A9mentaire+Publique+Jean+Moulin\/@48.801455,1.9628004,17z\/data=!4m6!3m5!1s0x47e6846750a0bd55:0x33457d2f22337b11!8m2!3d48.802084!4d1.965268!16s%2Fg%2F11btmq2_7c?entry=ttu&amp;g_ep=EgoyMDI1MDkwOC4wIKXMDSoASAFQAw%3D%3D<\/a><br><\/p>\n\n\n\n<div class=\"wp-block-columns is-layout-flex wp-container-core-columns-is-layout-9d6595d7 wp-block-columns-is-layout-flex\">\n<div class=\"wp-block-column is-layout-flow wp-block-column-is-layout-flow\">\n<figure class=\"wp-block-image size-large\"><img loading=\"lazy\" decoding=\"async\" width=\"1024\" height=\"510\" src=\"https:\/\/vega78astronomie.fr\/wp-content\/uploads\/2025\/09\/Capture-decran-2025-09-11-a-08.58.29-1024x510.png\" alt=\"\" class=\"wp-image-2461\" srcset=\"https:\/\/vega78astronomie.fr\/wp-content\/uploads\/2025\/09\/Capture-decran-2025-09-11-a-08.58.29-1024x510.png 1024w, https:\/\/vega78astronomie.fr\/wp-content\/uploads\/2025\/09\/Capture-decran-2025-09-11-a-08.58.29-300x149.png 300w, https:\/\/vega78astronomie.fr\/wp-content\/uploads\/2025\/09\/Capture-decran-2025-09-11-a-08.58.29-768x382.png 768w, https:\/\/vega78astronomie.fr\/wp-content\/uploads\/2025\/09\/Capture-decran-2025-09-11-a-08.58.29-100x50.png 100w, https:\/\/vega78astronomie.fr\/wp-content\/uploads\/2025\/09\/Capture-decran-2025-09-11-a-08.58.29-1536x764.png 1536w, https:\/\/vega78astronomie.fr\/wp-content\/uploads\/2025\/09\/Capture-decran-2025-09-11-a-08.58.29-2048x1019.png 2048w, https:\/\/vega78astronomie.fr\/wp-content\/uploads\/2025\/09\/Capture-decran-2025-09-11-a-08.58.29-200x100.png 200w\" sizes=\"auto, (max-width: 1024px) 100vw, 1024px\" \/><\/figure>\n<\/div>\n\n\n\n<div class=\"wp-block-column is-layout-flow wp-block-column-is-layout-flow\">\n<figure class=\"wp-block-image size-large\"><img loading=\"lazy\" decoding=\"async\" width=\"1024\" height=\"720\" src=\"https:\/\/vega78astronomie.fr\/wp-content\/uploads\/2025\/09\/Capture-decran-2025-09-11-a-08.59.10-1024x720.png\" alt=\"\" class=\"wp-image-2462\" srcset=\"https:\/\/vega78astronomie.fr\/wp-content\/uploads\/2025\/09\/Capture-decran-2025-09-11-a-08.59.10-1024x720.png 1024w, https:\/\/vega78astronomie.fr\/wp-content\/uploads\/2025\/09\/Capture-decran-2025-09-11-a-08.59.10-300x211.png 300w, https:\/\/vega78astronomie.fr\/wp-content\/uploads\/2025\/09\/Capture-decran-2025-09-11-a-08.59.10-768x540.png 768w, https:\/\/vega78astronomie.fr\/wp-content\/uploads\/2025\/09\/Capture-decran-2025-09-11-a-08.59.10-100x70.png 100w, https:\/\/vega78astronomie.fr\/wp-content\/uploads\/2025\/09\/Capture-decran-2025-09-11-a-08.59.10-1536x1080.png 1536w, https:\/\/vega78astronomie.fr\/wp-content\/uploads\/2025\/09\/Capture-decran-2025-09-11-a-08.59.10-200x141.png 200w, https:\/\/vega78astronomie.fr\/wp-content\/uploads\/2025\/09\/Capture-decran-2025-09-11-a-08.59.10.png 1868w\" sizes=\"auto, (max-width: 1024px) 100vw, 1024px\" \/><\/figure>\n<\/div>\n<\/div>\n\n\n\n<p><\/p>\n\n\n\n<p class=\"has-text-align-left\" style=\"font-size:28px\"><strong><mark style=\"background-color:#ffffff\" class=\"has-inline-color has-vivid-cyan-blue-color\">Conf\u00e9rences VEGA<\/mark><\/strong><\/p>\n\n\n\n<p class=\"has-text-align-left has-medium-font-size\"><strong><mark style=\"background-color:#ffffff\" class=\"has-inline-color has-vivid-cyan-blue-color\">ouvertes au public, entr\u00e9e libre, <\/mark><\/strong><\/p>\n\n\n\n<p class=\"has-text-align-left has-medium-font-size\"><strong><mark style=\"background-color:#ffffff\" class=\"has-inline-color has-vivid-cyan-blue-color\">le samedi \u00e0 20h30 au Th\u00e9\u00e2tre Robert Manuel de Plaisir<\/mark><\/strong><\/p>\n\n\n\n<p>15 novembre 2025<\/p>\n\n\n\n<p>7 f\u00e9vrier 2026<\/p>\n\n\n\n<p>11 avril 2026<\/p>\n","protected":false},"excerpt":{"rendered":"<p>Activit\u00e9s 2025-2026 (hors soir\u00e9es d&rsquo;observation, d\u00e9pendantes de la m\u00e9t\u00e9o) Soir\u00e9es VEGA le vendredi \u00e0 20H30 (r\u00e9serv\u00e9es aux membres) salle de l&rsquo;association ARGPP, Ecole Jean Moulin (aux G\u00e2tines, 2518 rue Jules R\u00e9gnier) : pr\u00e9sentations, conf\u00e9rences, astronews 12 septembre 2025 10 octobre 2025 14 novembre 2025 12 d\u00e9cembre 2025 16 janvier 2026 13 f\u00e9vrier 2026 13 mars [&hellip;]<\/p>\n","protected":false},"author":3,"featured_media":0,"parent":0,"menu_order":0,"comment_status":"closed","ping_status":"closed","template":"","meta":{"footnotes":""},"class_list":["post-1659","page","type-page","status-publish","hentry"],"_links":{"self":[{"href":"https:\/\/vega78astronomie.fr\/index.php\/wp-json\/wp\/v2\/pages\/1659","targetHints":{"allow":["GET"]}}],"collection":[{"href":"https:\/\/vega78astronomie.fr\/index.php\/wp-json\/wp\/v2\/pages"}],"about":[{"href":"https:\/\/vega78astronomie.fr\/index.php\/wp-json\/wp\/v2\/types\/page"}],"author":[{"embeddable":true,"href":"https:\/\/vega78astronomie.fr\/index.php\/wp-json\/wp\/v2\/users\/3"}],"replies":[{"embeddable":true,"href":"https:\/\/vega78astronomie.fr\/index.php\/wp-json\/wp\/v2\/comments?post=1659"}],"version-history":[{"count":24,"href":"https:\/\/vega78astronomie.fr\/index.php\/wp-json\/wp\/v2\/pages\/1659\/revisions"}],"predecessor-version":[{"id":2464,"href":"https:\/\/vega78astronomie.fr\/index.php\/wp-json\/wp\/v2\/pages\/1659\/revisions\/2464"}],"wp:attachment":[{"href":"https:\/\/vega78astronomie.fr\/index.php\/wp-json\/wp\/v2\/media?parent=1659"}],"curies":[{"name":"wp","href":"https:\/\/api.w.org\/{rel}","templated":true}]}}

<iframe loading="lazy" src="https://calendar.google.com/calendar/embed?src=da27a005291ae8fda60196239fbe4a49a7b331c3dfa73c04adecdc806535df30%40group.calendar.google.com&#038;ctz=Europe%2FParis" style="border: 0" width="800" height="600" frameborder="0" scrolling="no"></iframe>



<p style="font-size:28px"><strong><mark style="background-color:rgba(0, 0, 0, 0)" class="has-inline-color has-vivid-cyan-blue-color">Activités 2025-2026 (hors soirées d&rsquo;observation, dépendantes de la météo)</mark></strong></p>



<p class="has-vivid-red-color has-text-color has-link-color wp-elements-97c33ca8b454e197c7e2160055d3969c"><strong><mark style="background-color:rgba(0, 0, 0, 0)" class="has-inline-color has-vivid-red-color">Soirées VEGA le vendredi à 20H30 (réservées aux membres) salle de l&rsquo;association ARGPP, Ecole Jean Moulin (aux Gâtines, 2518 rue Jules Régnier) : présentations, conférences, astronews</mark></strong><br></p>



<p>12 septembre 2025</p>



<p>10 octobre 2025</p>



<p>14 novembre 2025</p>



<p>12 décembre 2025 </p>



<p>16 janvier 2026</p>



<p>13 février 2026 </p>



<p>13 mars 2026</p>



<p>3 avril 2026</p>



<p>22 mai 2026</p>



<p>12 juin 2026</p>



<p class="has-vivid-red-color has-text-color"><strong><mark style="background-color:rgba(0, 0, 0, 0)" class="has-inline-color has-vivid-red-color">Ateliers «&nbsp;Matériel&nbsp;» <strong><mark style="background-color:rgba(0, 0, 0, 0)" class="has-inline-color has-vivid-red-color">(réservés aux membres)</mark></strong> le samedi matin à 10h00 &#8211; </mark></strong><mark style="background-color:rgba(0, 0, 0, 0)" class="has-inline-color has-vivid-red-color"><strong>Bâtiment annexe de l&rsquo;Ecole Jean Moulin, Les Gâtines, </strong></mark><strong><mark style="background-color:rgba(0, 0, 0, 0)" class="has-inline-color has-vivid-red-color">Plaisir</mark></strong></p>



<p>27 septembre 2025<br><br>11 octobre 2025</p>



<p>22 novembre 2025</p>



<p>13 décembre 2025</p>



<p>31 janvier 2026</p>



<p>14 février 2026</p>



<p>28 mars 2026</p>



<p>11 avril 2026</p>



<p>9 mai 2026</p>



<p>27 juin 2026</p>



<p class="has-small-font-size"><br>Lien Google Maps pour l&rsquo;école Jean Moulin : <br><a href="https://www.google.fr/maps/place/%C3%89cole+%C3%89l%C3%A9mentaire+Publique+Jean+Moulin/@48.801455,1.9628004,17z/data=!4m6!3m5!1s0x47e6846750a0bd55:0x33457d2f22337b11!8m2!3d48.802084!4d1.965268!16s%2Fg%2F11btmq2_7c?entry=ttu&amp;g_ep=EgoyMDI1MDkwOC4wIKXMDSoASAFQAw%3D%3D">https://www.google.fr/maps/place/%C3%89cole+%C3%89l%C3%A9mentaire+Publique+Jean+Moulin/@48.801455,1.9628004,17z/data=!4m6!3m5!1s0x47e6846750a0bd55:0x33457d2f22337b11!8m2!3d48.802084!4d1.965268!16s%2Fg%2F11btmq2_7c?entry=ttu&amp;g_ep=EgoyMDI1MDkwOC4wIKXMDSoASAFQAw%3D%3D</a><br></p>



<div class="wp-block-columns is-layout-flex wp-container-core-columns-is-layout-9d6595d7 wp-block-columns-is-layout-flex">
<div class="wp-block-column is-layout-flow wp-block-column-is-layout-flow">
<figure class="wp-block-image size-large"><img loading="lazy" decoding="async" width="1024" height="510" src="https://vega78astronomie.fr/wp-content/uploads/2025/09/Capture-decran-2025-09-11-a-08.58.29-1024x510.png" alt="" class="wp-image-2461" srcset="https://vega78astronomie.fr/wp-content/uploads/2025/09/Capture-decran-2025-09-11-a-08.58.29-1024x510.png 1024w, https://vega78astronomie.fr/wp-content/uploads/2025/09/Capture-decran-2025-09-11-a-08.58.29-300x149.png 300w, https://vega78astronomie.fr/wp-content/uploads/2025/09/Capture-decran-2025-09-11-a-08.58.29-768x382.png 768w, https://vega78astronomie.fr/wp-content/uploads/2025/09/Capture-decran-2025-09-11-a-08.58.29-100x50.png 100w, https://vega78astronomie.fr/wp-content/uploads/2025/09/Capture-decran-2025-09-11-a-08.58.29-1536x764.png 1536w, https://vega78astronomie.fr/wp-content/uploads/2025/09/Capture-decran-2025-09-11-a-08.58.29-2048x1019.png 2048w, https://vega78astronomie.fr/wp-content/uploads/2025/09/Capture-decran-2025-09-11-a-08.58.29-200x100.png 200w" sizes="auto, (max-width: 1024px) 100vw, 1024px" /></figure>
</div>



<div class="wp-block-column is-layout-flow wp-block-column-is-layout-flow">
<figure class="wp-block-image size-large"><img loading="lazy" decoding="async" width="1024" height="720" src="https://vega78astronomie.fr/wp-content/uploads/2025/09/Capture-decran-2025-09-11-a-08.59.10-1024x720.png" alt="" class="wp-image-2462" srcset="https://vega78astronomie.fr/wp-content/uploads/2025/09/Capture-decran-2025-09-11-a-08.59.10-1024x720.png 1024w, https://vega78astronomie.fr/wp-content/uploads/2025/09/Capture-decran-2025-09-11-a-08.59.10-300x211.png 300w, https://vega78astronomie.fr/wp-content/uploads/2025/09/Capture-decran-2025-09-11-a-08.59.10-768x540.png 768w, https://vega78astronomie.fr/wp-content/uploads/2025/09/Capture-decran-2025-09-11-a-08.59.10-100x70.png 100w, https://vega78astronomie.fr/wp-content/uploads/2025/09/Capture-decran-2025-09-11-a-08.59.10-1536x1080.png 1536w, https://vega78astronomie.fr/wp-content/uploads/2025/09/Capture-decran-2025-09-11-a-08.59.10-200x141.png 200w, https://vega78astronomie.fr/wp-content/uploads/2025/09/Capture-decran-2025-09-11-a-08.59.10.png 1868w" sizes="auto, (max-width: 1024px) 100vw, 1024px" /></figure>
</div>
</div>



<p></p>



<p class="has-text-align-left" style="font-size:28px"><strong><mark style="background-color:#ffffff" class="has-inline-color has-vivid-cyan-blue-color">Conférences VEGA</mark></strong></p>



<p class="has-text-align-left has-medium-font-size"><strong><mark style="background-color:#ffffff" class="has-inline-color has-vivid-cyan-blue-color">ouvertes au public, entrée libre, </mark></strong></p>



<p class="has-text-align-left has-medium-font-size"><strong><mark style="background-color:#ffffff" class="has-inline-color has-vivid-cyan-blue-color">le samedi à 20h30 au Théâtre Robert Manuel de Plaisir</mark></strong></p>



<p>15 novembre 2025</p>



<p>7 février 2026</p>



<p>11 avril 2026</p>

<p>Activités 2025-2026 (hors soirées d&rsquo;observation, dépendantes de la météo) Soirées VEGA le vendredi à 20H30 (réservées aux membres) salle de l&rsquo;association ARGPP, Ecole Jean Moulin (aux Gâtines, 2518 rue Jules Régnier) : présentations, conférences, astronews 12 septembre 2025 10 octobre 2025 14 novembre 2025 12 décembre 2025 16 janvier 2026 13 février 2026 13 mars [&hellip;]</p>
